5, 7
What are the prime factors of 31449?
3, 11, 953
What are the prime factors of 7002?
2, 3, 389
List the prime factors of 5403.
3, 1801
What are the prime factors of 120729?
3, 7, 5749
What are the prime factors of 5205?
3, 5, 347
What are the prime factors of 8154?
2, 3, 151
What are the prime factors of 36169?
7, 5167
List the prime factors of 1019.
1019
What are the prime factors of 2282?
2, 7, 163
What are the prime factors of 26297?
26297
List the prime factors of 13802.
2, 67, 103
List the prime factors of 8040.
2, 3, 5, 67
What are the prime factors of 42?
2, 3, 7
List the prime factors of 59030.
2, 5, 5903
List the prime factors of 5314.
2, 2657
List the prime factors of 117562.
2, 43, 1367
List the prime factors of 1292.
2, 17, 19
What are the prime factors of 4901?
13, 29
What are the prime factors of 2335?
5, 467
List the prime factors of 15888.
2, 3, 331
What are the prime factors of 1552?
2, 97
What are the prime factors of 2023?
7, 17
List the prime factors of 39607.
39607
What are the prime factors of 107414?
2, 43, 1249
List the prime factors of 19151.
11, 1741
List the prime factors of 2250.
2, 3, 5
List the prime factors of 32896.
2, 257
List the prime factors of 2524.
2, 631
List the prime factors of 1656.
2, 3, 23
List the prime factors of 64121.
37, 1733
What are the prime factors of 1524?
2, 3, 127
What are the prime factors of 7361?
17, 433
List the prime factors of 1166.
2, 11, 53
What are the prime factors of 28206?
2, 3, 1567
List the prime factors of 204907.
23, 59, 151
List the prime factors of 154265.
5, 30853
What are the prime factors of 19994?
2, 13, 769
List the prime factors of 1504.
2, 47
List the prime factors of 1082.
2, 541
What are the prime factors of 34665?
3, 5, 2311
What are the prime factors of 5818?
2, 2909
List the prime factors of 15131.
15131
List the prime factors of 13942.
2, 6971
List the prime factors of 197504.
2, 1543
What are the prime factors of 4711?
7, 673
What are the prime factors of 5325?
3, 5, 71
What are the prime factors of 1878?
2, 3, 313
What are the prime factors of 1753?
1753
List the prime factors of 3034.
2, 37, 41
List the prime factors of 1532.
2, 383
What are the prime factors of 923?
13, 71
List the prime factors of 10691.
10691
What are the prime factors of 20722?
2, 13, 797
List the prime factors of 1188.
2, 3, 11
What are the prime factors of 7613?
23, 331
List the prime factors of 4386.
2, 3, 17, 43
What are the prime factors of 3087?
3, 7
What are the prime factors of 145620?
2, 3, 5, 809
What are the prime factors of 1067?
11, 97
List the prime factors of 1716.
2, 3, 11, 13
What are the prime factors of 12257?
7, 17, 103
List the prime factors of 355.
5, 71
What are the prime factors of 23472?
2, 3, 163
What are the prime factors of 23333?
23333
List the prime factors of 124816.
2, 29, 269
List the prime factors of 8434.
2, 4217
List the prime factors of 1269.
3, 47
List the prime factors of 12366.
2, 3, 229
What are the prime factors of 13854?
2, 3, 2309
What are the prime factors of 2603?
19, 137
List the prime factors of 35939.
83, 433
List the prime factors of 61.
61
What are the prime factors of 3712?
2, 29
What are the prime factors of 95154?
2, 3, 15859
List the prime factors of 1110.
2, 3, 5, 37
What are the prime factors of 620?
2, 5, 31
What are the prime factors of 596?
2, 149
List the prime factors of 1434.
2, 3, 239
What are the prime factors of 7085?
5, 13, 109
What are the prime factors of 25539?
3, 8513
What are the prime factors of 65115?
3, 5, 1447
List the prime factors of 3774.
2, 3, 17, 37
List the prime factors of 594.
2, 3, 11
What are the prime factors of 12751?
41, 311
What are the prime factors of 1174?
2, 587
List the prime factors of 1765.
5, 353
List the prime factors of 11835.
3, 5, 263
What are the prime factors of 9110?
2, 5, 911
What are the prime factors of 3845?
5, 769
What are the prime factors of 46515?
3, 5, 7, 443
What are the prime factors of 11688?
2, 3, 487
List the prime factors of 9581.
11, 13, 67
What are the prime factors of 3729?
3, 11, 113
List the prime factors of 1212.
2, 3, 101
List the prime factors of 35552.
2, 11, 101
What are the prime factors of 2406?
2, 3, 401
What are the prime factors of 65835?
3, 5, 7, 11, 19
List the prime factors of 59.
59
List the prime factors of 3154.
2, 19, 83
List the prime factors of 7465.
5, 1493
What are the prime factors of 31097?
11, 257
List the prime factors of 2862.
2, 3, 53
List the prime factors of 4549.
4549
What are the prime factors of 36275?
5, 1451
List the prime factors of 29286.
2, 3, 1627
What are the prime factors of 89934?
2, 3, 13, 1153
List the prime factors of 9684.
2, 3, 269
What are the prime factors of 7064?
2, 883
List the prime factors of 19497.
3, 67, 97
List the prime factors of 605.
5, 11
List the prime factors of 1340.
2, 5, 67
What are the prime factors of 72345?
3, 5, 7, 13, 53
List the prime factors of 358.
2, 179
What are the prime factors of 3047?
11, 277
What are the prime factors of 14693?
7, 2099
What are the prime factors of 80901?
3, 89, 101
What are the prime factors of 1946?
2, 7, 139
List the prime factors of 243.
3
List the prime factors of 41118.
2, 3, 7, 11, 89
What are the prime factors of 421?
421
List the prime factors of 13002.
2, 3, 11, 197
What are the prime factors of 57?
3, 19
List the prime factors of 42776.
2, 5347
List the prime factors of 33532.
2, 83, 101
What are the prime factors of 2200?
2, 5, 11
List the prime factors of 2686.
2, 17, 79
What are the prime factors of 82312?
2, 10289
List the prime factors of 8102.
2, 4051
What are the prime factors of 1264?
2, 79
List the prime factors of 3795.
3, 5, 11, 23
List the prime factors of 179.
179
What are the prime factors of 2609?
2609
What are the prime factors of 18367?
18367
What are the prime factors of 1031?
1031
List the prime factors of 598.
2, 13, 23
What are the prime factors of 3243?
3, 23, 47
List the prime factors of 750.
2, 3, 5
List the prime factors of 466.
2, 233
List the prime factors of 84879.
3, 9431
What are the prime factors of 4680?
2, 3, 5, 13
What are the prime factors of 33627?
3, 11, 1019
List the prime factors of 976.
2, 61
List the prime factors of 43805.
5, 8761
List the prime factors of 11117.
11117
What are the prime factors of 1407?
3, 7, 67
List the prime factors of 1071.
3, 7, 17
List the prime factors of 850.
2, 5, 17
What are the prime factors of 2057?
11, 17
List the prime factors of 53078.
2, 26539
What are the prime factors of 47302?
2, 67, 353
What are the prime factors of 91599?
3, 19, 1607
What are the prime factors of 10820?
2, 5, 541
What are the prime factors of 732?
2, 3, 61
List the prime factors of 14145.
3, 5, 23, 41
What are the prime factors of 30395?
5, 6079
What are the prime factors of 790?
2, 5, 79
What are the prime factors of 7370?
2, 5, 11, 67
List the prime factors of 42344.
2, 67, 79
What are the prime factors of 8785?
5, 7, 251
What are the prime factors of 5866?
2, 7, 419
List the prime factors of 75176.
2, 9397
List the prime factors of 25968.
2, 3, 541
List the prime factors of 36329.
17, 2137
What are the prime factors of 4564?
2, 7, 163
What are the prime factors of 1093?
1093
What are the prime factors of 90481?
90481
What are the prime factors of 12325?
5, 17, 29
List the prime factors of 9937.
19, 523
What are the prime factors of 553?
7, 79
What are the prime factors of 24419?
24419
What are the prime factors of 16022?
2, 8011
List the prime factors of 86610.
2, 3, 5, 2887
What are the prime factors of 52420?
2, 5, 2621
List the prime factors of 39325.
5, 11, 13
What are the prime factors of 3437?
7, 491
What are the prime factors of 519?
3, 173
What are the prime factors of 1190?
2, 5, 7, 17
What are the prime factors of 12861?
3, 1429
What are the prime factors of 13601?
7, 29, 67
List the prime factors of 712.
2, 89
What are the prime factors of 4460?
2, 5, 223
What are the prime factors of 18087?
3, 6029
What are the prime factors of 7239?
3, 19, 127
What are the prime factors of 4468?
2, 1117
List the prime factors of 179.
179
List the prime factors of 8596.
2, 7, 307
List the prime factors of 1741.
1741
List the prime factors of 12183.
3, 31, 131
What are the prime factors of 497?
7, 71
List